97, 3691
List the prime factors of 6269587.
1667, 3761
What are the prime factors of 6065499347?
67, 109, 830549
What are the prime factors of 303099051?
3, 2417, 41801
What are the prime factors of 351808545?
3, 5, 11, 89, 23957
What are the prime factors of 800462138?
2, 7, 131, 62351
What are the prime factors of 604283999?
11, 19, 73, 39607
What are the prime factors of 3871903053?
3, 23, 5573, 10069
What are the prime factors of 1519758092?
2, 19, 73, 273929
What are the prime factors of 58946661?
3, 37, 229, 773
What are the prime factors of 354456159?
3, 383, 308491
List the prime factors of 251175419.
11, 22834129
List the prime factors of 16236282.
2, 3, 2706047
List the prime factors of 2111944524.
2, 3, 1301, 135277
What are the prime factors of 119649290?
2, 5, 11964929
What are the prime factors of 44681583?
3, 14893861
What are the prime factors of 97754991?
3, 23, 1416739
What are the prime factors of 3811417564?
2, 41, 4649, 4999
List the prime factors of 244965912.
2, 3, 1949, 5237
What are the prime factors of 1284433431?
3, 359, 1192603
List the prime factors of 345512756.
2, 86378189
What are the prime factors of 35325844?
2, 167, 52883
List the prime factors of 5722659.
3, 17, 113, 331
What are the prime factors of 3652265319?
3, 359, 709, 4783
What are the prime factors of 207032687?
181, 757, 1511
What are the prime factors of 1264096160?
2, 5, 487, 16223
List the prime factors of 561621995.
5, 11, 10211309
List the prime factors of 718684025.
5, 19, 1513019
What are the prime factors of 7156725?
3, 5, 37, 2579
List the prime factors of 160771008.
2, 3, 19, 44071
What are the prime factors of 2480498508?
2, 3, 47, 4398047
What are the prime factors of 193889158?
2, 53, 1829143
List the prime factors of 210812110.
2, 5, 21081211
List the prime factors of 2352543140.
2, 5, 19, 163, 1999
List the prime factors of 316718880.
2, 3, 5, 659831
List the prime factors of 407615603.
61, 6682223
List the prime factors of 558906723.
3, 6900083
List the prime factors of 497461940.
2, 5, 23, 29, 89, 419
List the prime factors of 240772623.
3, 7, 13, 41, 439
What are the prime factors of 1387819912?
2, 1409, 123121
What are the prime factors of 117029699?
117029699
What are the prime factors of 6803968889?
52561, 129449
List the prime factors of 52791466.
2, 7, 13, 431, 673
List the prime factors of 398123761.
7, 563, 101021
List the prime factors of 1852113328.
2, 13, 263, 33857
List the prime factors of 178232045.
5, 3343, 10663
What are the prime factors of 107399562?
2, 3, 31, 101, 5717
What are the prime factors of 361893185?
5, 47, 1539971
List the prime factors of 22017600.
2, 3, 5, 11, 139
What are the prime factors of 757985695?
5, 61, 1123, 2213
What are the prime factors of 51331996?
2, 19, 89, 7589
What are the prime factors of 1010142117?
3, 1381, 27091
What are the prime factors of 458330800?
2, 5, 41, 27947
List the prime factors of 2278660904.
2, 13, 21910201
What are the prime factors of 36637379?
36637379
What are the prime factors of 2667272272?
2, 7, 373, 1303
What are the prime factors of 47035536?
2, 3, 979907
What are the prime factors of 214355271?
3, 13, 839, 6551
List the prime factors of 2439424900.
2, 5, 11, 29, 76471
List the prime factors of 153843240.
2, 3, 5, 223, 5749
List the prime factors of 1141106168.
2, 317, 449963
What are the prime factors of 15015155?
5, 37, 81163
List the prime factors of 3818467826.
2, 557, 3427709
List the prime factors of 362178990.
2, 3, 5, 4024211
List the prime factors of 601237062.
2, 3, 17, 1964827
List the prime factors of 90198858.
2, 3, 101, 251, 593
List the prime factors of 2792746285.
5, 7, 79792751
List the prime factors of 314520619.
7, 43, 167, 6257
List the prime factors of 65572320.
2, 3, 5, 11, 1129
What are the prime factors of 362352761?
362352761
List the prime factors of 368769378.
2, 3, 61461563
What are the prime factors of 852463624?
2, 59, 127, 14221
List the prime factors of 2016413329.
7, 157, 761, 2411
List the prime factors of 328035821.
23, 37, 385471
What are the prime factors of 62832041?
97, 647753
What are the prime factors of 5736344434?
2, 2868172217
What are the prime factors of 2370568936?
2, 296321117
List the prime factors of 3231277244.
2, 13, 17, 101, 36191
List the prime factors of 216647900.
2, 5, 7, 173, 1789
What are the prime factors of 588255152?
2, 1913, 19219
What are the prime factors of 610749758?
2, 6029, 50651
What are the prime factors of 2119132913?
59, 35917507
What are the prime factors of 751278998?
2, 41, 9161939
What are the prime factors of 76224448?
2, 439, 2713
What are the prime factors of 842362125?
3, 5, 11, 53, 3853
List the prime factors of 2353319124.
2, 3, 13, 15085379
What are the prime factors of 4736578423?
41, 115526303
What are the prime factors of 3206075460?
2, 3, 5, 7, 223, 34231
What are the prime factors of 234578641?
11, 21325331
What are the prime factors of 1438419203?
13, 1783, 62057
List the prime factors of 163842041.
11, 23, 313, 2069
What are the prime factors of 556107391?
7, 59, 233, 5779
List the prime factors of 41335054.
2, 20667527
What are the prime factors of 318892429?
43, 89, 103, 809
List the prime factors of 38770408.
2, 263, 18427
What are the prime factors of 30903940?
2, 5, 181, 8537
List the prime factors of 1975443910.
2, 5, 11, 151, 118931
What are the prime factors of 352840665?
3, 5, 383, 61417
What are the prime factors of 95280821?
1033, 92237
What are the prime factors of 94270225?
5, 7, 31, 17377
What are the prime factors of 595996584?
2, 3, 2579, 9629
What are the prime factors of 1629341386?
2, 47, 2857, 6067
List the prime factors of 16609127.
16609127
List the prime factors of 1581009856.
2, 41, 239, 2521
What are the prime factors of 1746079655?
5, 349215931
What are the prime factors of 1963542?
2, 3, 7, 46751
List the prime factors of 25441991.
25441991
What are the prime factors of 163377411?
3, 4007, 13591
List the prime factors of 711511609.
431, 1063, 1553
List the prime factors of 1642049796.
2, 3, 223, 601, 1021
What are the prime factors of 1982129335?
5, 173, 2291479
What are the prime factors of 6097698275?
5, 243907931
What are the prime factors of 3947025025?
5, 113, 1397177
What are the prime factors of 755337633?
3, 2011, 125201
List the prime factors of 504497101.
19, 26552479
List the prime factors of 152434538.
2, 109, 699241
What are the prime factors of 99213694?
2, 61, 813227
List the prime factors of 58671784.
2, 1171, 6263
What are the prime factors of 93471915?
3, 5, 6231461
What are the prime factors of 37522816?
2, 293147
List the prime factors of 1035154144.
2, 353, 91639
What are the prime factors of 27184061?
3677, 7393
List the prime factors of 1421984615.
5, 409, 695347
List the prime factors of 472557665.
5, 94511533
List the prime factors of 144357830.
2, 5, 14435783
What are the prime factors of 75675615?
3, 5, 283, 17827
List the prime factors of 123365765.
5, 19, 397, 3271
List the prime factors of 181953474.
2, 3, 467, 64937
List the prime factors of 3920900585.
5, 7, 109, 1027759
What are the prime factors of 2095790137?
7, 1399, 214009
List the prime factors of 58291806.
2, 3, 9715301
What are the prime factors of 20723635?
5, 43, 113, 853
List the prime factors of 108566411.
108566411
List the prime factors of 447495238.
2, 41, 43, 126913
What are the prime factors of 15736112?
2, 7, 109, 1289
What are the prime factors of 275522550?
2, 3, 5, 293, 6269
List the prime factors of 47282711.
7, 6754673
List the prime factors of 479674374.
2, 3, 43, 1859203
What are the prime factors of 11098315?
5, 79, 28097
List the prime factors of 51584465.
5, 31, 332803
What are the prime factors of 138126722?
2, 69063361
What are the prime factors of 215057410?
2, 5, 1801, 11941
List the prime factors of 6199634803.
33931, 182713
What are the prime factors of 1292117073?
3, 13, 491, 67477
What are the prime factors of 235659656?
2, 23, 1280759
What are the prime factors of 642259143?
3, 29, 353, 6971
List the prime factors of 1068319060.
2, 5, 157, 397, 857
List the prime factors of 68291583.
3, 127, 179243
What are the prime factors of 87591991?
87591991
List the prime factors of 61929192.
2, 3, 13, 198491
What are the prime fac